q) = 5*q - 5. Let b be 22/5 + 2/(-5). What is the remainder when 59 is divided by t(b)?
14
Let s = -8 - -42. Let d(k) = k**3 + 8*k**2 + 10*k + 6. What is the remainder when s is divided by d(-6)?
16
Suppose i - h + 2*h = -17, -4*i + 4*h = 52. Let g = -10 - i. What is the remainder when 14 is divided by g?
4
Suppose 4*x = 39 - 11. Let u be (-2 - -1)*-12 + -1. Suppose -3*p = 5 - u. What is the remainder when x is divided by p?
1
Suppose 0 = -0*u - 2*u - 6. What is the remainder when 50 is divided by (1/u)/((-1)/51)?
16
Let m = -10 + -3. Let d = m + 24. What is the remainder when d is divided by 4?
3
Let y be ((-1)/1)/((-2)/4). Suppose 4*j = y*j + 14. Calculate the remainder when 25 is divided by j.
4
Let t(y) = 4*y + 20. Suppose 14 = 5*i - 4*j + 3*j, i - 1 = 2*j. What is the remainder when t(-3) is divided by i?
2
Suppose -3*f + 7*f - 8 = 0. What is the remainder when 3 - (-1 + 0 + 0) is divided by f?
0
Let z be 0/(2*(-2)/(-4)). Suppose z*x - 21 = -3*x. Calculate the remainder when x is divided by 2.
1
Suppose 3*i = 3 + 3. Suppose a - 2 = 0, z = 2*z - 3*a + 3. Calculate the remainder when i is divided by z/2*14/21.
0
Calculate the remainder when 1 - 390/(-4) - (-11)/(-22) is divided by 17.
13
Let y(n) = -7*n - 2. Let m(v) = -7*v - 2. Let h(i) = 3*m(i) - 2*y(i). Suppose -a - 19 = -13. What is the remainder when h(a) is divided by 14?
12
Let d = 10 + -6. Suppose 0*l = 2*l + 4*j - 26, 2*j = 3*l + 1. Calculate the remainder when d is divided by l.
1
Suppose x - 2*x = -4. Suppose 122 = 3*d - 193. Suppose x*j - 47 = d. What is the remainder when j is divided by 20?
18
Let v(g) = 19*g + 3. Let q be v(6). Suppose 4*b - b = q. Let l = -26 + b. Calculate the remainder when l is divided by 5.
3
Let f(x) = 4*x + 3. Calculate the remainder when 74 is divided by f(4).
17
Suppose 4*m + 79 = 3*u, -u + 0*u = -3*m - 23. Let a = 21 - 11. What is the remainder when u is divided by a?
9
Calculate the remainder when 131 is divided by ((-1)/(-3) + 6/9)*11.
10
Let f be 3/(-9) + (-58)/6. What is the remainder when 10 is divided by (-1)/((f/12)/5)?
4
Let a be 4 + -2 - (1 - -1). Suppose -3*i + 12 + 3 = a. Suppose z - 1 = 0, 8 = p + i*z - 9. Calculate the remainder when 45 is divided by p.
9
Suppose 5 = -f - 4*f + 2*t, -2*t + 10 = 0. Let z(k) = k + 1. What is the remainder when z(0) is divided by f?
0
Let s = -9 + 15. Suppose 0 = 2*l + 5*r - 20, l - 2*r - 4 = -3*r. Suppose -4*k + s*h = h - 104, -3*h = l. Calculate the remainder when k is divided by 14.
12
Suppose 3*w - 128 = c, -5*c + 2*c - 174 = -4*w. What is the remainder when 123 is divided by w?
39
Let m(s) = s**2 + s - 7. Calculate the remainder when m(-6) is divided by 4.
3
Let d = -79 + 139. Let z = 11 + -5. What is the remainder when -2 + 3 + d/3 is divided by z?
3
Let w be ((-5)/2 + 2)*0. Let c = 25 - w. Calculate the remainder when 98 is divided by c.
23
Let n be 0 + (2 + -38)/(-3). Suppose n = 4*q - 4*a, 5*q + 5*a = a + 42. What is the remainder when 16 is divided by q?
4
Let c(d) = -11*d**3 + d**2 + 2*d + 1. Suppose 39*g = 40*g - 30. What is the remainder when g is divided by c(-1)?
8
Suppose b - 5*v = -2*b - 14, 2 = 3*b - v. Calculate the remainder when ((-75)/(-6))/(1/b) is divided by 13.
12
Let t(m) = 14*m + 12. Let z be t(-6). Let x = z - -133. Suppose -7*l + s + 89 = -3*l, 3*s = 3*l - 78. Calculate the remainder when x is divided by l.
19
Suppose -4*y + 3*k - 1 = 0, -y = 4*y - 3*k - 1. Calculate the remainder when 8 is divided by (-5*2/(-1))/y.
3
Suppose 12 = 3*q, -2*q + 98 = 5*i - 25. What is the remainder when i is divided by 8?
7
Let i = 163 - 82. Calculate the remainder when i is divided by 42.
39
Calculate the remainder when 33/(-1)*1/(-3) is divided by 7.
4
Let p = -7 + 18. Suppose -m = d - 1, 4*m = d + 8 + 1. Calculate the remainder when p is divided by 2/1 + m/1.
3
Let c be 3/(-6) + (-19)/(-2). Suppose 3*v + 0*v = c. What is the remainder when (-115)/(-25) + (-4)/(-10) is divided by v?
2
Suppose 5*x - 4*p + 5 = 4*x, 4*x - 5*p = 35. Let f = -22 - -16. Let i(s) = s**2 + 5*s - 2. What is the remainder when x is divided by i(f)?
3
Suppose y - 46 = -2*y + 5*z, 5*y = 5*z + 60. Let d(b) = -b**2 - 7*b + 7. What is the remainder when d(-4) is divided by y?
5
Let j = 0 + 2. Let l be (j/(-8))/(2/(-8)). Calculate the remainder when 37 is divided by -13*(-1)/l*1.
11
Suppose 0*l = -5*a - l + 30, -a - 3*l - 8 = 0. Suppose -4*j = 5*s - 163, -5*s - 78 = 2*j - 247. Let o = s + -16. What is the remainder when o is divided by a?
5
Let o be ((-22)/6)/(1/(-9)). Let s = o - -4. Suppose 3*x + 19 = 4*x. What is the remainder when s is divided by x?
18
Suppose 0 = -2*i - g + 50, -i + g + 31 + 0 = 0. What is the remainder when i is divided by 10?
7
Let w(c) = c**3 - 6*c**2 - 5*c - 6. Let y be w(7). Suppose -5*j - 3*z + 191 = 0, -y = j - 5*z - 35. Calculate the remainder when j is divided by 10.
7
Let g(p) = 2*p - 3. Let t be g(3). Suppose 4*d = -t*i + 33, -2*i + 5*d + 45 = -0. What is the remainder when 28 is divided by i?
13
Let u = 35 - 21. Calculate the remainder when u is divided by 4.
2
Let k(c) = -c**3 + 6*c**2 + 13*c - 18. Calculate the remainder when 190 is divided by k(7).
22
Let k(v) = 3*v**2 - 3*v. Suppose -17 - 51 = 2*f + 4*i, -f - 39 = 3*i. Let c be 3*(f/(-9))/4. What is the remainder when 10 is divided by k(c)?
4
Suppose u + 3*z - 40 = 0, u - 3*z = -0*u + 46. What is the remainder when u is divided by 15?
13
Suppose 3*f = -2*f + 25. Let c(t) = -3 - 5*t + 4*t + f*t. Calculate the remainder when c(4) is divided by 8.
5
Let l(s) be the third derivative of s**5/30 - s**4/4 + 5*s**3/6 + s**2. What is the remainder when l(5) is divided by 16/1 - (4 + -1)?
12
Suppose -z - 3*z = -64. Suppose 2*c + 14 = 74. What is the remainder when c is divided by z?
14
Suppose -66 = -3*r - 21. Calculate the remainder when 73 is divided by r.
13
Suppose 3*r - 23 = 4*n, 3*n = -2*r - 0*r + 4. Suppose -5 - 75 = -r*f. Calculate the remainder when 35 is divided by -1*(2 - f) + -2.
11
Let o(l) = 41*l**2 - 2*l. Calculate the remainder when o(-1) is divided by 9.
7
Suppose -8*w + 47 = -105. Suppose -23 = -5*u + 27. What is the remainder when w is divided by u?
9
Let a = 48 + -34. Suppose -5*s = 98 - 293. What is the remainder when s is divided by a?
11
Let q = -56 - -69. Calculate the remainder when 49 is divided by q.
10
Let s(q) = q**3 + 9*q**2 - 2*q - 13. Calculate the remainder when 9 is divided by s(-9).
4
Let h(c) = -c**2 - 5*c - 1. Let b be h(-4). Suppose -b*v - 298 = -3*z - v, -5*z = -2*v - 502. Calculate the remainder when z is divided by 26.
24
Let o be (0 - -8)/(-12 + 14). Suppose -5*v + 22 = -4*x, -2*x + 4*v - 7 = 7. Let t = o + x. What is the remainder when t is divided by 1?
0
Let m = -34 - -63. Let q = 59 - 39. Suppose a = 3*a - q. What is the remainder when m is divided by a?
9
Let g = -26 + 76. Suppose 3*i + 2*p + 0*p = g, 5*i = 3*p + 115. What is the remainder when -2*i/(0 + -2) is divided by 11?
9
Suppose 3*x = -37 + 340. Let o(s) = -10*s - 4. What is the remainder when x is divided by o(-3)?
23
Let x = -122 + 130. Calculate the remainder when 11 is divided by x.
3
Let s(v) = 19*v - 4. Calculate the remainder when s(3) is divided by 11.
9
Suppose 0 = -n, -3*n - 8 = -l - 7*n. What is the remainder when l is divided by (12/2)/1*(-5)/(-10)?
2
Suppose 5*o + 1 = l - 0*l, -5*o + 5 = 0. Let g(c) = -c**2 - 7*c + 5. Calculate the remainder when g(-6) is divided by l.
5
Let l(m) = m**3 + m**2 - 1. Let q(h) = 6*h**3 + 2*h - 3. Let z(t) = 5*l(t) - q(t). Suppose -4*o = 42 - 106. What is the remainder when o is divided by z(4)?
4
Suppose 3*z - 65 + 2 = 0. Let x = z - 12. What is the remainder when 16 is divided by x?
7
What is the remainder when 16/32 - 98/(-4) is divided by 14?
11
Suppose 0*d + d = 0. Suppose d = 3*w - 12, 3*n + 2*w - 21 = 2*n. Calculate the remainder when n is divided by 8.
5
Calculate the remainder when 16 is divided by 2 + (-8)/3 - (-174)/18.
7
Suppose o - 4*p = 12, 2*o = p + 2*p + 14. Let z = o + 1. Calculate the remainder when (-85)/(-4) - z/20 is divided by 11.
10
Let l(h) be the third derivative of h**2 + 0*h + 1/8*h**4 + 0 + 2/3*h**3 + 1/60*h**5. What is the remainder when l(-6) is divided by 8?
6
Suppose u + 4*g - 40 = 7*g, -2*u - 4*g = -110. What is the remainder when u is divided by 26?
23
Let q = -10 + 